ctor of 82964095?
True
Is 28228623 a multiple of 65?
False
Does 3389 divide 1735510289?
True
Is 142402084 a multiple of 462?
False
Does 44 divide 19105232?
False
Does 1888 divide 3193046016?
True
Does 246 divide 93599064?
True
Is 2641804726 a multiple of 8074?
True
Is 11 a factor of 101899123?
False
Is 1787 a factor of 409959164?
False
Is 40109670 a multiple of 18?
True
Is 82 a factor of 724226132?
True
Does 1501 divide 551436989?
False
Is 443054712 a multiple of 4?
True
Does 197 divide 444040046?
False
Is 14 a factor of 88224388?
True
Does 2061 divide 3251458332?
True
Is 18 a factor of 32197633?
False
Is 49437244 a multiple of 3?
False
Does 78 divide 92574304?
False
Does 500 divide 1430071834?
False
Does 8 divide 70654936?
True
Does 389 divide 1693482175?
False
Is 1015233840 a multiple of 60?
True
Does 3 divide 3721140?
True
Does 337 divide 183115353?
True
Is 2668 a factor of 62388101?
False
Is 1230054423 a multiple of 104?
False
Does 22 divide 45905080?
False
Is 229 a factor of 414490?
True
Is 27670060 a multiple of 220?
True
Is 13 a factor of 116297092?
False
Is 186 a factor of 2142435420?
True
Is 210 a factor of 5354580?
True
Is 530 a factor of 3053225590?
True
Is 28 a factor of 2052759368?
False
Is 3 a factor of 83460168?
True
Is 26427029 a multiple of 38?
False
Is 44635891 a multiple of 8?
False
Does 13 divide 58950346?
True
Is 83 a factor of 11235928?
False
Does 115 divide 336753522?
False
Is 45446941 a multiple of 407?
False
Does 174 divide 208127490?
True
Is 1018 a factor of 570816014?
True
Does 38 divide 397502984?
False
Is 156704160 a multiple of 20?
True
Is 13 a factor of 93503202?
True
Does 438 divide 157250322?
True
Is 381210556 a multiple of 70?
False
Is 15085307 a multiple of 136?
False
Does 15 divide 115325205?
True
Does 137 divide 65886521?
False
Does 118 divide 157594428?
True
Does 3 divide 29738863?
False
Does 6 divide 17823299?
False
Is 106838066 a multiple of 1115?
False
Is 187 a factor of 5093693?
True
Does 774 divide 11843748?
True
Does 216 divide 7024968?
True
Is 837036653 a multiple of 29?
False
Does 471 divide 20016938?
False
Is 2562 a factor of 526873139?
False
Does 81 divide 58294242?
True
Does 13 divide 40106923?
False
Does 21 divide 1375391594?
False
Is 1876149735 a multiple of 15?
True
Is 2771 a factor of 144827123?
False
Is 31 a factor of 70454461?
False
Does 13 divide 156562402?
False
Is 1363 a factor of 74827337?
True
Does 1941 divide 75363207?
True
Is 774 a factor of 43994160?
True
Is 14 a factor of 23200072?
True
Does 23 divide 31052599?
True
Is 589 a factor of 404762567?
True
Is 67085167 a multiple of 426?
False
Is 2984812839 a multiple of 400?
False
Is 2866402169 a multiple of 41?
False
Does 127 divide 1772957739?
False
Does 23 divide 205194532?
False
Is 44071300 a multiple of 727?
False
Is 195 a factor of 6429467?
False
Is 932871049 a multiple of 3352?
False
Is 2457 a factor of 73879533?
True
Is 266246424 a multiple of 12?
True
Does 232 divide 1543368168?
True
Is 137 a factor of 813672044?
True
Is 913426040 a multiple of 43?
False
Is 372 a factor of 892157928?
True
Is 24549306 a multiple of 20?
False
Is 13448175 a multiple of 25?
True
Is 3456266 even?
True
Is 3024237876 a multiple of 318?
True
Does 7 divide 107625560?
True
Is 1362967617 a multiple of 1551?
True
Does 1047 divide 395758170?
False
Is 314 a factor of 1011409386?
True
Is 80 a factor of 2714080?
True
Does 256 divide 1154048?
True
Does 626 divide 84524343?
False
Does 146 divide 67487328?
False
Is 737033720 a multiple of 758?
True
Is 1828 a factor of 2194152056?
True
Is 27 a factor of 31568076?
True
Is 14751471 a multiple of 11?
False
Does 4 divide 209248725?
False
Is 75133225 a multiple of 76?
False
Is 32 a factor of 66167840?
True
Is 1948231824 a multiple of 66?
True
Does 1306 divide 9591264?
True
Does 22 divide 69834613?
False
Is 340 a factor of 47204240?
True
Is 198 a factor of 61282576?
False
Is 11 a factor of 104752498?
False
Is 419959487 a multiple of 540?
False
Does 1017 divide 16592792?
False
Is 133 a factor of 7657706?
False
Is 2170632330 a multiple of 10?
True
Does 241 divide 1904169276?
False
Is 13 a factor of 57273259?
False
Is 13066608 a multiple of 38?
False
Does 36 divide 688335872?
False
Is 191 a factor of 122055685?
True
Is 10705952 a multiple of 143?
False
Is 180 a factor of 352772622?
False
Is 331152120 a multiple of 276?
False
Is 691848254 a multiple of 19?
True
Is 28279872 a multiple of 16?
True
Is 13 a factor of 47605948?
True
Is 3482 a factor of 456232106?
False
Is 20431260 a multiple of 12?
True
Is 91246896 a multiple of 208?
True
Does 343 divide 38716528?
False
Is 57 a factor of 57443802?
True
Does 16 divide 1082289744?
True
Is 5312568 a multiple of 408?
True
Is 5 a factor of 841383?
False
Is 1356671877 a multiple of 2208?
False
Is 20688318 a multiple of 717?
True
Does 43 divide 492258775?
False
Does 1425 divide 242361213?
False
Does 94 divide 32664436?
True
Does 26 divide 10668625?
False
Does 5731 divide 2527199070?
True
Is 190625 a multiple of 153?
False
Is 365897467 a multiple of 50?
False
Is 169 a factor of 441180753?
True
Is 776159684 a multiple of 2788?
True
Does 90 divide 342719910?
True
Is 627272 a multiple of 8?
True
Is 287912006 a multiple of 1086?
False
Is 6 a factor of 28633404?
True
Is 99 a factor of 4277074?
False
Is 321 a factor of 100820643?
True
Is 5378 a factor of 205789170?
True
Does 16 divide 6091152?
True
Is 3361943 a multiple of 1603?
False
Does 242 divide 464938562?
False
Is 3160822 a multiple of 553?
False
Is 47953737 a multiple of 19?
False
Does 40 divide 9923954?
False
Is 83206642 a multiple of 10?
False
Does 792 divide 46524456?
True
Does 436 divide 15625804?
True
Is 5187000 a multiple of 600?
True
Is 1114 a factor of 261821192?
True
Is 304 a factor of 7510016?
True
Does 123 divide 13199376?
True
Is 29 a factor of 800707893?
True
Is 107120392 a multiple of 727?
False
Is 503235708 a multiple of 258?
True
Is 82126645 a multiple of 605?
False
Is 22 a factor of 17211072?
False
Is 25153160 a multiple of 2918?
True
Is 191565486 a multiple of 42?
True
Does 236 divide 12383405?
False
Is 4098972849 a multiple of 1136?
False
Is 1203328725 a multiple of 2715?
True
Is 457599615 a multiple of 33?
True
Is 2857078839 a multiple of 317?
True
Is 277 a factor of 183798364?
True
Is 3400 a factor of 529601000?
True
Is 3 a factor of 383946?
True
Is 115879275 a multiple of 27?
True
Is 9214190 a multiple of 246?
False
Is 1539834440 a multiple of 2120?
True
Does 109 divide 686591?
True
Is 359 a factor of 34073991?
False
Is 308376283 a multiple of 3?
False
Is 30267628 a multiple of 11?
False
Is 1223700478 a multiple of 5467?
True
Does 47 divide 58059899?
True
Does 26 divide 341261674?
True
Is 714784968 a multiple of 2?
True
Does 1668 divide 43730948?
False
Is 2610 a factor of 530902710?
True
Is 34604793 a multiple of 6918?
False
Does 887 divide 1545248909?
True
Does 15 divide 443235840?
True
Is 44434714 a multiple of 864?
False
Is 2059857520 a multiple of 814?
False
Does 11 divide 270407?
False
Does 648 divide 254203640?
False
Does 25 divide 83611432?
False
Does 20 divide 43471180?
True
Does 272 divide 1380407984?
False
Is 146 a factor of 150960788?
True
Is 19374855 a multiple of 89?
True
Is 2 a factor of 19309421?
False
Is 463 a factor of 6600782?
False
Is 2674005178 a multiple of 2314?
True
Does 2907 divide 34506090?
True
Is 3 a factor of 103199890?
False
Is 525596737 a multiple of 79?
False
Does 311 divide 904077?
True
Is 91 a factor of 320915140?
True
Does 148 divide 84372601?
False
Is 486 a factor of 474381266?
False
Is 121 a factor of 36468553?
True
Is 266019368 a multiple of 750?
False
Does 60 divide 304530000?
True
Does 21 divide 2098981426?
False
Is 3164042054 a multiple of 3902?
True
Is 3104265 even?
False
Is 371 a factor of 1635492465?
False
Is 7677027 a multiple of 167?
False
Does 13572 divide 2355940793?
False
Is 21 a factor of 104720175?
True
Does 10 divide 87426590?
True
Is 120672806 a multiple of 804?
False
Is 933422076 a multiple of 36?
True
Is 1385756130 a multiple of 30?
True
Does 474 divide 1253439460?
False
Is 75 a factor of 735343875?
True
Does 727 divide 2652278477?
True
Is 143343792 a multiple of 24?
True
Is 3 a factor of 56611278?
True
Is 941596065 a multiple of 9?
True
Does 2378 divide 8